628*j + 6289. Give d(-10).
9
Let x(w) = w**2 + 17*w - 26. Give x(0).
-26
Let z(t) = 345*t + 376. Give z(-1).
31
Let c(h) = -3*h**3 - 4*h**2 - 333*h + 667. What is c(2)?
-39
Let b(w) = 209*w - 630. Determine b(3).
-3
Let p(v) = -4522*v + 2. Give p(0).
2
Let c(y) = 857*y**2 + 20*y + 24. Determine c(-1).
861
Let b(g) = g**3 + 15*g**2 + 21*g + 41. What is b(-12)?
221
Let w(v) = 29*v**2 - 553*v + 32. Calculate w(19).
-6
Let v(d) = -68*d - 1301. Calculate v(-19).
-9
Let w(i) = i**3 + 90*i - 732. Determine w(6).
24
Let m(w) = -11*w**2 - 176*w - 57. Determine m(-14).
251
Let u(o) = 20*o**2 - 1167*o + 30. Give u(58).
-376
Let v(m) = -83*m + 4036. Give v(49).
-31
Let b(n) = -2*n**3 + 84*n**2 + 78*n + 413. Give b(43).
69
Let g(p) = -136*p - 808. Give g(-6).
8
Let b(q) = 2*q**3 - 116*q**2 + 440*q - 2. What is b(4)?
30
Let j(l) = -l**2 - 52*l - 449. Calculate j(-25).
226
Let u(g) = 192*g + 2224. Give u(-12).
-80
Let t(o) = -23*o**2 + 4*o + 4. Calculate t(-3).
-215
Let f(o) = 468*o**2 - 16*o - 16. What is f(-1)?
468
Let u(s) = -s**3 + 31*s**2 + 67*s - 35. What is u(33)?
-2
Let u(v) = 2*v**3 - 7*v**2 - 7*v + 25. Calculate u(6).
163
Let j(o) = o**3 + 25*o**2 + 154*o + 70. Give j(-15).
10
Let i(r) = -14*r**2 - 190*r - 114. Give i(-13).
-10
Let n(x) = -7*x - 181. Calculate n(-25).
-6
Let s(t) = -3*t**2 + 52*t - 242. What is s(8)?
-18
Let v(y) = -18*y**2 + 128*y - 6. Calculate v(7).
8
Let b(x) = -17*x**2 + 142*x + 3. Calculate b(8).
51
Let l(o) = -46*o**2 - o + 421. Determine l(0).
421
Let p(r) = -118*r - 1127. What is p(-10)?
53
Let m(f) = 4*f**3 + 44*f**2 - 21*f - 18. Give m(-12).
-342
Let b(o) = -o**2 - 7*o - 45. Give b(-6).
-39
Let w(o) = -105*o - 16786. Determine w(-160).
14
Let u(v) = -93*v + 862. What is u(10)?
-68
Let o(w) = 2*w**2 - 20*w - 851. Give o(-16).
-19
Let r(z) = -218*z - 888. Give r(-3).
-234
Let x(w) = 147*w - 16912. Calculate x(115).
-7
Let g(i) = i**2 - 62*i + 285. What is g(58)?
53
Let r(a) = 6*a**3 - 340*a**2 - 105*a - 521. What is r(57)?
-8
Let n(f) = -15*f + 2318. Give n(100).
818
Let k(o) = -32*o + 1079. Give k(34).
-9
Let d(w) = -1190*w - 4865. Calculate d(-4).
-105
Let h(m) = m**3 - 21*m**2 - m - 212. Determine h(21).
-233
Let f(i) = -2*i**3 - 9*i**2 - 29*i + 214. Determine f(3).
-8
Let l(c) = 17*c**2 - 90*c - 17. Determine l(5).
-42
Let t(p) = -p**3 + 90*p**2 - 283*p + 65. Give t(3).
-1
Let r(v) = -v**2 + 27*v - 116. Determine r(23).
-24
Let f(x) = 2*x**3 - 13*x**2 + 5*x + 5. Calculate f(4).
-55
Let a(w) = 5*w + 196. Give a(-35).
21
Let t(p) = -70*p - 10. Calculate t(0).
-10
Let d(y) = -19*y + 49. Determine d(6).
-65
Let g(d) = -46*d - 222. Give g(3).
-360
Let b(f) = 5*f**2 + 13*f - 15. What is b(-7)?
139
Let u(n) = -262*n**2 - 55*n - 10. Give u(-1).
-217
Let z(h) = h**2 + 7531*h + 37662. Determine z(-5).
32
Let c(p) = -p**3 - 19*p**2 - 86*p + 11. What is c(-8)?
-5
Let w(o) = -226*o - 9929. What is w(-44)?
15
Let c(p) = -13*p - 330. Give c(-32).
86
Let c(l) = -9*l**2 - 1520*l - 2997. Calculate c(-2).
7
Let n(k) = k**3 + 4*k**2 - 16*k - 68. Determine n(-4).
-4
Let i(r) = r**2 - 209*r - 2200. Determine i(-10).
-10
Let y(z) = -100*z**2 + 34*z + 111. Determine y(-3).
-891
Let h(k) = 867*k + 3470. Give h(-4).
2
Let o(w) = -27*w**2 + 2025*w - 29. Determine o(75).
-29
Let g(t) = t**3 + 16*t**2 - 34*t + 31. What is g(-18)?
-5
Let q(w) = -w**3 + 4*w**2 + 32*w - 61. Determine q(7).
16
Let t(o) = -30*o + 39. Calculate t(1).
9
Let l(w) = -w**2 + 91*w + 2250. Give l(-20).
30
Let l(o) = -o**3 + o**2 - 158*o + 485. What is l(3)?
-7
Let i(f) = 867*f**2 + 67626*f + 7. Calculate i(-78).
7
Let g(s) = -s**3 - 25*s**2 - 10*s - 450. Determine g(-25).
-200
Let w(s) = -s**2 + 96*s - 2327. What is w(59)?
-144
Let p(n) = 77*n + 85. Calculate p(-1).
8
Let u(h) = 2*h - 5. What is u(3)?
1
Let s(x) = -17*x**2 + 92*x + 572. What is s(9)?
23
Let u(k) = 2358*k + 30639. Calculate u(-13).
-15
Let b(a) = -2*a**3 - 149*a**2 - 76*a - 192. What is b(-74)?
-44
Let c(s) = -6290*s + 37811. Give c(6).
71
Let w(j) = -9*j**2 - 341*j - 2108. Calculate w(-30).
22
Let c(l) = -235*l + 649. Determine c(3).
-56
Let c(q) = 16*q**3 + 4*q + 16. Determine c(-2).
-120
Let r(o) = 2*o + 142. Give r(-12).
118
Let k(a) = a**3 + 3*a**2 + 238*a + 967. Determine k(-4).
-1
Let z(k) = 21*k - 161. Give z(11).
70
Let o(a) = -38*a - 458. What is o(-6)?
-230
Let v(d) = 17*d**3 + d**2 + 28*d + 28. What is v(-1)?
-16
Let b(g) = g**2 + 280*g + 15877. Calculate b(-79).
-2
Let x(l) = -2*l**2 - 209*l - 2016. Determine x(-11).
41
Let l(v) = v**3 - 29*v**2 + 61*v - 211. Determine l(27).
-22
Let k(n) = 5*n**2 - 46*n - 49. Determine k(9).
-58
Let a(j) = j**2 + 63*j + 326. Calculate a(-5).
36
Let u(j) = 2*j**3 + 2*j**2 + 7*j. Determine u(5).
335
Let n(g) = 2*g**2 - 4*g - 103. Give n(-8).
57
Let r(q) = -19*q - 605. What is r(-36)?
79
Let s(n) = -n**2 + 31*n - 3. What is s(31)?
-3
Let t(x) = 2*x**3 - 30*x**2 + 48*x + 8. Determine t(12).
-280
Let k(c) = 2*c**3 + 40*c**2 - 30*c - 563. Calculate k(-20).
37
Let z(t) = t**3 - 11*t**2 + 15*t - 42. What is z(10)?
8
Let m(u) = -u**3 - 16*u**2 - 66*u - 34. Determine m(-10).
26
Let y(j) = j**3 + 27*j - 355. Calculate y(0).
-355
Let o(v) = -v**3 + 29*v**2 - 24*v - 124. What is o(28)?
-12
Let y(r) = 708*r + 58056. Give y(-82).
0
Let r(c) = -c**2 + 8*c + 273. Calculate r(-13).
0
Let p(m) = -10*m - 2. Give p(-1).
8
Let d(t) = -t**3 - 24*t**2 - 41*t + 16. Calculate d(-22).
-50
Let o(d) = -247*d + 1722. What is o(7)?
-7
Let w(l) = -10*l**2 + 266*l - 1742. What is w(12)?
10
Let u(r) = r**2 - 10*r - 169. Give u(-9).
2
Let i(g) = -23*g + 288. What is i(12)?
12
Let q(w) = w**3 + 40*w**2 - 7*w - 103. What is q(-40)?
177
Let l(s) = -67*s - 1429. Calculate l(-21).
-22
Let x(r) = 3857*r + 15484. Calculate x(-4).
56
Let u(l) = -59*l - 384. Determine u(-15).
501
Let b(t) = t**3 + 31*t**2 - 35*t - 75. Calculate b(-32).
21
Let p(k) = -2*k**2 - 13*k + 264. What is p(9)?
-15
Let r(v) = -v**2 + 6*v - 31. Give r(5).
-26
Let f(c) = -4*c**2 - 26*c + 5. Determine f(-9).
-85
Let l(y) = -23*y**2 - 1290*y - 224. Determine l(-56).
-112
Let b(m) = 4*m**2 - 148*m - 161. Calculate b(38).
-9
Let l(b) = 62*b - 6191. Calculate l(100).
9
Let h(t) = -t**2 - 570*t + 10589. What is h(18)?
5
Let w(j) = -j**3 + 22*j**2 + 47*j + 11. Determine w(24).
-13
Let u(p) = 4988*p + 144642. What is u(-29)?
-10
Let d(u) = -21*u**3 + 147*u**2 + 156*u - 1083. What is d(7)?
9
Let z(n) = -n**3 - 8*n**2 - 394. Calculate z(0).
-394
Let b(w) = w**2 - 15*w - 116. Determine b(21).
10
Let u(o) = -1064*o - 4270. Determine u(-4).
-14
Let n(d) = -2*d**3 - 5*d**2 + 42*d + 131. Calculate n(-4).
11
Let s(o) = -48*o - 616. Determine s(-10).
-136
Let c(s) = -4*s**2 + 30*s + 9. Give c(8).
-7
Let u(i) = -i**3 - 38*i**2 - 311*i - 42. Give u(-12).
-54
Let g(q) = -9*q**2 + 81*q - 9. Give g(9).
-9
Let q(v) = -v**3 + 28*v**2 + 3*v + 125. Give q(28).
209
Let i(f) = f**2 + 138*f - 6688. What is i(38)?
0
Let y(z) = 69*z**2 + 346*z + 7. Calculate y(-5).
2
Let m(j) = -22*j + 343. Calculate m(15).
13
Let t(g) = 2*g**3 + 12*g**2 - 92*g - 551. What is t(-6)?
1
Let g(b) = -b**3 - 7*b**2 - 11*b - 6. Give g(-5).
-1
Let h(b) = -b**2 - 32*b + 85. Give h(-21).
316
Let f(o) = -o**2 + 1179*o + 9502. Determine f(-8).
6
Let n(b) = -76*b + 1657. What is n(22)?
-15
Let c(u) = 2*u**2 - 18*u + 36. What is c(7)?
8
Let l(d) = 8*d + 87. What is l(-13)?
-17
Let s(m) = 122*m + 372. Give s(-3).
6
Let r(h) = 9*h**3 + 260*h**2 - 34*h - 144. Calculate r(-29).
1
Let q(v) = 612*v + 7942. Determine q(-13).
-14
Let l(y) = -282*y - 1538. Give l(-5).
-128
Let l(j) = 1561*j + 6252. Calculate l(-4).
8
Let k(w) = 5703*w + 39920. Determine k(-7).
-1
Let c(u) = -10*u**3 - 11*u**2 - 3*u + 5. Calculate c(-4).
481
Let z(s) = -33*s**2 + 727*s - 15. Calculate z(22).
7
Let h(c) = -2*c**3 - 13*c**2 + 51*c + 46. Determine h(-9).
-8
Let a(w) = w**3 + 21*w**2 + 19*w + 10. What is a(-20)?
30
Let o(z) = -z**3 - 6*z**2 - 19*z + 13. Calculate o(-8).
293
Let y(z) = 1123*z + 227960. Determine y(-203).
-9
Let h(r) = 2*r**3 + 66*r**2 - 364*r + 12. Determine h(5).
92
Let a(q) = -q**3 + 35*q**2 - 36*q + 119. What is a(34)?
51
Let w(r) = 483*r + 3861. Give w(-8).
-3
Let y(g) = 315*g + 3426. What is y(-11)?
-39
Let p(j) = -6*j - 566. Determine p(-49).
-272
Let b(l) = -2*l**3 + 82*l**2 - 30*l + 1295. What is